 10) in base 3?
101220
Convert 10001011 (base 2) to base 3.
12011
Convert -4401 (base 8) to base 11.
-1806
Convert 2475 (base 8) to base 11.
100a
Convert -247 (base 12) to base 8.
-527
What is 1111001111 (base 2) in base 11?
807
What is 33211 (base 5) in base 9?
3142
What is 314003 (base 6) in base 15?
7846
Convert -2071 (base 12) to base 13.
-17c5
207b0 (base 14) to base 9
128434
12342 (base 9) to base 5
231200
What is 132455 (base 6) in base 7?
50534
What is 13501 (base 7) in base 3?
12001011
-392 (base 11) to base 5
-3324
What is -154e3 (base 15) in base 6?
-1245353
Convert -525 (base 7) to base 5.
-2024
183a (base 11) to base 12
1432
-10021231 (base 4) to base 11
-1185a
Convert 10001110011 (base 2) to base 12.
7ab
What is 221112 (base 4) in base 7?
10500
Convert -1066 (base 9) to base 8.
-1425
What is 1122 (base 15) in base 8?
7060
3c (base 16) to base 5
220
Convert 405005 (base 6) to base 7.
162563
Convert -1021012 (base 3) to base 9.
-1235
Convert -a82 (base 13) to base 2.
-11100000100
4550 (base 7) to base 4
121310
39a0 (base 12) to base 16
19c8
10212323 (base 4) to base 15
58d5
What is -24222 (base 5) in base 2?
-11100010100
What is -2011011001 (base 3) in base 14?
-1163d
-110001011110 (base 2) to base 9
-4307
-8024 (base 9) to base 3
-22000211
Convert -20201 (base 3) to base 13.
-10c
What is 3204301 (base 5) in base 14?
157db
Convert 1112021 (base 3) to base 8.
2132
a19e (base 16) to base 13
15aa8
Convert -38ab (base 15) to base 16.
-2f36
What is -8708 (base 15) in base 9?
-43178
-5333 (base 7) to base 14
-98a
-2665 (base 7) to base 14
-535
What is 150 (base 8) in base 2?
1101000
What is 1486 (base 10) in base 4?
113032
Convert 4104 (base 7) to base 12.
9a9
-1639 (base 14) to base 7
-14402
What is 380 (base 11) in base 10?
451
Convert 1214 (base 6) to base 2.
100101010
What is 53 (base 9) in base 13?
39
What is -20123 (base 4) in base 7?
-1400
What is -10001 (base 2) in base 15?
-12
What is -1100100111 (base 2) in base 6?
-3423
What is 444 (base 11) in base 10?
532
a8 (base 11) to base 14
86
-124 (base 8) to base 5
-314
Convert -1001121120 (base 3) to base 14.
-785d
Convert -a15 (base 16) to base 15.
-b71
Convert -12771 (base 8) to base 16.
-15f9
What is 20002 (base 4) in base 3?
201001
Convert -c535 (base 13) to base 16.
-6a75
-c7 (base 16) to base 12
-147
What is 30036 (base 7) in base 13?
33a2
What is 6 (base 7) in base 9?
6
-3388 (base 9) to base 7
-10214
1405435 (base 6) to base 10
79007
Convert 32010 (base 5) to base 12.
1296
Convert -1010011 (base 3) to base 10.
-814
What is 78b0 (base 14) in base 15?
6305
What is 2101 (base 11) in base 9?
3733
-2896 (base 10) to base 13
-141a
3522 (base 11) to base 14
1982
Convert 20353 (base 10) to base 2.
100111110000001
Convert a91 (base 11) to base 15.
5c5
What is 49e (base 15) in base 6?
4505
Convert -537 (base 8) to base 6.
-1343
Convert -544 (base 9) to base 16.
-1bd
What is 10352 (base 6) in base 4?
112130
-4519 (base 10) to base 9
-6171
What is 213042 (base 5) in base 13?
3405
What is -7320 (base 8) in base 2?
-111011010000
Convert 19a7c (base 13) to base 2.
1100001111001111
What is -544122 (base 6) in base 10?
-44978
Convert -101101101011100 (base 2) to base 8.
-55534
526 (base 7) to base 9
324
Convert -1b3 (base 12) to base 3.
-101100
Convert 210ab (base 13) to base 12.
2a4b0
-703 (base 15) to base 9
-2143
Convert -4230 (base 7) to base 10.
-1491
-767 (base 12) to base 3
-1111021
Convert -21503 (base 6) to base 4.
-232233
-1106 (base 7) to base 13
-248
What is 5033 (base 10) in base 4?
1032221
What is 1011101110100 (base 2) in base 6?
43444
-d09 (base 16) to base 3
-11120121
101000 (base 2) to base 6
104
482 (base 14) to base 16
382
-3438 (base 15) to base 13
-5072
Convert 524 (base 10) to base 9.
642
Convert -22112 (base 3) to base 9.
-275
What is -1000101011101 (base 2) in base 8?
-10535
What is -101001101110 (base 2) in base 9?
-3586
What is -b48 (base 12) in base 9?
-2222
What is 1608 (base 13) in base 2?
110010010011
1792 (base 14) to base 3
12211012
Convert -123311 (base 4) to base 8.
-3365
Convert 322230 (base 4) to base 3.
12011010
102120222 (base 3) to base 8
20402
Convert 2202 (base 3) to base 11.
68
-278 (base 14) to base 12
-356
-56 (base 14) to base 13
-5b
Convert -219b (base 15) to base 2.
-1101111010001
-6656 (base 8) to base 5
-103002
What is -44380 (base 9) in base 2?
-111001100100011
-220 (base 14) to base 15
-1d0
-7012 (base 9) to base 12
-2b62
4c4 (base 14) to base 9
1272
-13e (base 16) to base 8
-476
Convert 32311 (base 5) to base 14.
b38
What is -1de (base 16) in base 2?
-111011110
-189c (base 16) to base 8
-14234
What is 1423 (base 5) in base 15?
10d
Convert -3335 (base 7) to base 13.
-716
Convert 20022 (base 5) to base 2.
10011101110
What is 101 (base 6) in base 2?
100101
-41023 (base 6) to base 8
-12447
-42100 (base 6) to base 5
-140102
-1568 (base 15) to base 2
-1000111110110
What is -5534 (base 8) in base 7?
-11323
Convert 1300010 (base 4) to base 10.
7172
Convert 171 (base 16) to base 3.
111200
Convert 42 (base 15) to base 16.
3e
What is -11100110010111 (base 2) in base 15?
-457d
What is 944 (base 16) in base 14?
c16
Convert -32372 (base 8) to base 3.
-200121022
Convert -10001101101010 (base 2) to base 3.
-110102210
Convert 43f (base 16) to base 15.
4c7
-5544 (base 6) to base 12
-8b4
Convert -892b (base 13) to base 12.
-b0a6
Convert -1313022 (base 5) to base 12.
-13078
What is -28a9 (base 16) in base 15?
-313e
What is -42121 (base 7) in base 12?
-5baa
What is 10202 (base 6) in base 3?
1212202
-10ce (base 15) to base 5
-103234
4396 (base 16) to base 13
7b4c
Convert 20212 (base 3) to base 11.
159
Convert 878 (base 13) to base 11.
10aa
96 (base 10) to base 2
1100000
Convert -4840 (base 10) to base 11.
-3700
Convert -2434312 (base 5) to base 9.
-70341
What is 2e1 (base 15) in base 3?
220111
What is 10100 (base 3) in base 4?
1122
Convert -21b (base 16) to base 13.
-326
Convert 2c51 (base 16) to base 6.
124305
Convert -154e (base 16) to base 11.
-4109
101010111 (base 2) to base 14
1a7
Convert 1120212220 (base 3) to base 7.
160101
Convert 210112210 (base 3) to base 8.
36534
Convert -1022120211 (base 3) to base 11.
-18544
What is -678 (base 10) in base 14?
-366
What is 721 (base 9) in base 15?
291
What is 131676 (base 8) in base 13?
17c37
What is -10100220220 (base 3) in base 8?
-201352
47a (base 12) to base 9
824
Convert -102122121 (base 3) to base 15.
-27b4
Convert -6897 (base 11) to base 13.
-417c
-6523 (base 8) to base 5
-102121
What is 1440044 (base 5) in base 15?
9134
316 (base 11) to base 2
101111100
What is 252464 (base 7) in base 4?
23113103
Convert -21101112 (base 3) to base 9.
-7345
Convert -64553 (base 11) to base 12.
-46375
-4613 (base 7) to base 12
-b78
Convert 33302 (base 4) to base 8.
1762
What is -e56 (base 16) in base 12?
-215a
-66a (base 11) to base 8
-1442
163 (base 13) to base 9
307
What is 11f5 (base 16) in base 3?
20022021
What is -4a4 (base 13) in base 8?
-1452
What is -17702 (base 12) in base 13?
-12533
What is 206 (base 14) in base 11?
332
-2b53 (base 15) to base 12
-5473
Convert -6016 (base 14) to base 13.
-7670
c8 (base 14) to base 9
215
-637c (base 15) to base 10
-21042
-1a1 (base 15) to base 7
-1045
What is -b942 (base 12) in base 4?
-10332002
What is -200101 (base 3) in base 14?
-276
Convert 11000100001 (base 2) to base 9.
2133
131624 (base 7) to base 5
1242130
28c3 (base 14) to base 16
1c3b
b03 (base 15) to base 14
c90
What is -32300110 (base 4) in base 2?
-1110110000010100
What is 101332 (base 4) in base 10?
1150
1002233 (base 4) to base 5
114041
329 (base 13) to base 2
1000011110
What is 10110100100110 (base 2) in base 8?
26446
What is ed (base 16) in base 12?
179
Convert 426 (base 12) to base 3.
211110
What is 20926 (base 10) in base 13?
96a9
Convert 170 (base 15) to base 16.
14a
-4041 (base 13) to base 2
-10001010001001
Convert -150 (base 10) to base 5.
-1100
Convert -12703 (base 8) to base 15.
-19b6
Convert -1781 (base 16) to base 11.
-4580
Convert -11002 (base 3) to base 14.
-7c
Convert 110001010110 (base 2) to base 6.
22342
Convert 340444 (base 5) to base 12.
6b3b
What is 2452 (base 11) in base 3?
11101122
Convert -25254 (base 7) to base 2.
-1100111111110
What is 534025 (base 6) in base 7?
241154
What is 10210001 (base 